3*h - 2. Let i(p) = z*u(p) - c(p). Determine i(l).
3
Let d(o) = -o**2 - 7*o - 4. Let l be d(-6). Let n(r) = -r**3 + 6*r**2 + l*r**2 - 3*r**2 - 3 + r**2 - 4*r. Calculate n(4).
13
Let k(i) = 3*i + 3*i + 12*i**3 - 11*i**3 - 6*i**2 + 0*i**2. Give k(4).
-8
Let t be (6/(-9))/(4/18). Let x(u) = -4*u - 2. Let g(n) = 9*n + 5. Let k(b) = t*g(b) - 7*x(b). Give k(-2).
-3
Let d(s) = 6*s**3 - 4*s**2 - 7*s**3 - 6*s + 6 - 3*s**2. Determine d(-6).
6
Suppose -17*x - 36 = -5*x. Let l(h) = h**2 + 4*h. Calculate l(x).
-3
Let z = 3 + 0. Let d(c) = c**2 + 6*c - 10. Let p be d(-8). Let x(r) = p + 4 - 14 - r. Give x(z).
-7
Let c(x) = -6*x**2 + 6*x - 11. Let p(i) = -i**2 - 1. Let u(w) = -c(w) + 5*p(w). Suppose -n + 10 = -3*n, -a = 4*n + 15. Calculate u(a).
1
Let z(m) = 5*m + 8. Let t(d) = -2*d - 4. Let h(j) = 7*t(j) + 3*z(j). What is h(4)?
0
Let z be (-11 - -5)/((-3)/(-4)). Let v(w) = -w**3 - 8*w**2 - 3*w - 8. Give v(z).
16
Suppose -3*g = 13 + 2. Let x(d) = -10*d**3 + 2*d**2 - 7*d - 7. Let n(v) = -5*v**3 + v**2 - 3*v - 3. Let l(u) = g*n(u) + 2*x(u). Determine l(-1).
-6
Let v = 35 - 28. Let j(a) = -a**2 + 6*a + 3. Calculate j(v).
-4
Let g(w) = 7*w + 1. Let t(u) = -3*u - 1. Let p(c) = 2*g(c) + 5*t(c). Let a(f) = -f - 4. Let q be a(-6). Suppose q*y - 4*y = 0. What is p(y)?
-3
Let d(m) = 3*m**2 - 62 + 5*m + 33 + 33 - 2*m**2. Suppose 0 = -4*c - 5 - 15. Calculate d(c).
4
Let s(t) = 2*t**2 - 3*t**2 + 6*t + 0*t**2 + 8. Calculate s(6).
8
Let l(y) be the third derivative of -y**5/60 + 5*y**4/24 + y**3/3 + 2*y**2. What is l(6)?
-4
Let z(n) = 2*n**2 + 2*n + 1. Let b = -89 + 86. Give z(b).
13
Let v(t) = t**3 - 4*t**2 - 3*t. Let a(s) = -2*s**3 + 3*s**2 + 4*s + 1. Let d(b) = 2*a(b) + 3*v(b). Give d(-5).
-18
Let w(u) be the first derivative of 2*u**3/3 + 5*u**2 + 6*u - 22. Calculate w(-6).
18
Let g(l) = l**2 - 1. Suppose 15 = 5*a - 2*x - 0*x, 2*a - 2*x = 0. Suppose -a*i = 3*k - 23, -k + 2*i = -0 - 4. Suppose 5*m - k = 4. Give g(m).
3
Suppose 3*p - 3 = -3*m, -3 = 3*p + m - 8. Suppose 2 = -p*b - 4*w + 8, 4*w = 4*b - 12. Let o(g) = 2*g - 1. What is o(b)?
5
Let a = 9 + -3. Let k be (-30)/(-3)*3/a. Let j(l) = l**2 - l - 1. Let r(y) = -y**3 + 4*y**2 - 4*y + 9. Let t(o) = -2*j(o) - r(o). Give t(k).
-2
Let n(w) = -w**3 - 7*w**2 - 7*w - 3. Let u be (21/(-6) + 3)*-260. Suppose 3*l + 2*l - u = 0. Suppose 2*r - 4 = 0, 5*t + l = -2*r - 0*r. Determine n(t).
3
Let m(n) be the first derivative of n**5/60 - n**4/6 - 5*n**3/6 - n**2/2 - 3. Let t(q) be the second derivative of m(q). Determine t(5).
0
Let c(y) = y**2 + 6*y + 1. Let h be c(-5). Let v(o) = o**3 + 2*o**2 - 5*o + 1. What is v(h)?
-11
Let l(j) = -j**3 + 3*j**2 + 4*j - 6. Let i = 21 + -12. Let k = i + -5. What is l(k)?
-6
Let x(i) be the third derivative of 7*i**6/120 - i**5/30 + i**3/6 + 17*i**2. Determine x(1).
6
Let l(h) = -h**2 + 5*h - 3. Let z be (-2 - (-1 + -6))/(-1). Let k be (4/z)/(2/(-10)). Suppose k*x = -x + 10. Give l(x).
3
Let o(x) be the first derivative of -x**4/4 + 2*x**3 + 5*x + 4. Determine o(6).
5
Let v be 50/15 + (-4)/(-6). Suppose -v*t = -t - 6. Let p(o) = -2 - 3*o**3 + 4*o**3 - o**2 + 21*o - 22*o. Give p(t).
0
Let a(k) = -k**3 + 10*k**2 - 9*k + 8. Let j be a(9). Let y(q) = -j*q + 9*q - 7*q + q**2 + 0*q. Calculate y(4).
-8
Let b = 12 + -7. Let v(p) = -1. Let d(c) = -3*c + 6. Let a(u) = b*v(u) + d(u). Give a(2).
-5
Let l(j) be the first derivative of -j**4/12 + j**3/6 - j**2 - 3. Let b(p) be the second derivative of l(p). Let r = -1 - -4. Calculate b(r).
-5
Let a(k) = -k. Let o be a(5). Let c(s) = s - 5. Calculate c(o).
-10
Let f(c) = 1 + 1 - 4*c - 2*c**2 + 6*c. Let b = -5 + 8. Give f(b).
-10
Let l(v) = 2*v - 3. Let b = -18 + 26. Let x be 3/((18/b)/3). Give l(x).
5
Let h(k) = k**3 + 6*k**2 + 4*k - 2. Let n be h(-5). Let j(z) = 2*z + 6*z**2 + 2*z**3 - 4*z**3 - n*z + z**3 + 2. Calculate j(6).
-4
Let w(t) be the third derivative of -3*t**2 + 0 + 0*t + 0*t**3 + 5/24*t**4. What is w(1)?
5
Let b(g) = 3*g**3 + 4*g**2 + 3*g + 2. Let y(v) = -v**3 + 7*v**2 + 6*v + 14. Let d be y(8). Determine b(d).
-12
Let q(v) = v**2 - 1. Let g = -2 - -5. Let b(i) = i**2 - g*i**2 - i - i**2 + i**3 + 4. Let h(j) = b(j) + 4*q(j). Give h(-2).
-2
Let w(n) = -n**2 + 5*n - 4. Suppose k = -4*x - 5, 2*k + 10 = 4*x - 9*x. Suppose x*d + 16 = 4*d. Determine w(d).
0
Let u(r) = -7*r**3 - 9*r**2 - 17*r - 18. Let i(f) = 4*f**3 + 4*f**2 + 9*f + 9. Let t(a) = -5*i(a) - 3*u(a). What is t(-6)?
9
Let p(b) = b**2 - 1. Let o(v) = 5*v**2 - v - 5. Let g(s) = o(s) - 4*p(s). Let x(t) = -t + 11. Let a(c) = c + 3. Let n be a(5). Let m be x(n). Give g(m).
5
Let w(d) = d + 1. Let x(p) = -p**3 - 3*p**2 + 2*p - 5. Let v be x(-4). Suppose -r + 2 = -1, -18 = -a - v*r. Let o = a - 5. Give w(o).
5
Suppose 2*a + 4 = 6*a. Let p(r) = -3*r. Let s(y) = 3*y + y + 6*y - 4*y. Let l(w) = -9*p(w) - 4*s(w). Calculate l(a).
3
Let g(q) = -q**2 + 4*q + 4. Let i(b) = 8 + b**3 + 1 + 6 - 4 - 13*b - 10*b**2. Let m be i(11). Let d = -6 - m. What is g(d)?
-1
Let z = -3 - -9. Let j(g) = -z + 0 - g - g**3 + 3 + 4 + 2*g**2. What is j(2)?
-1
Let b(o) = -o - 12*o + 6*o + 0*o + 4. Calculate b(3).
-17
Let n(z) be the third derivative of 5/6*z**3 + 1/60*z**5 + 0 + 0*z + 2*z**2 + 1/4*z**4. Give n(-6).
5
Let i(d) = 1 - 5*d + 2*d**2 - 1 - 15. Let o(z) = z**2 - 2*z - 7. Suppose 3*u - 15 = 2*h - 5*h, u + 3*h = 7. Let y(m) = u*i(m) - 9*o(m). Calculate y(2).
-5
Let j(g) be the first derivative of -g**5/60 + g**4/6 + 2*g**3/3 + g**2 + 4. Let p(c) be the second derivative of j(c). Calculate p(5).
-1
Let g(j) = j**3 + 4*j**2 - 10*j - 7. Let l = -30 + 24. Determine g(l).
-19
Suppose 2*t = 2*f - 5*f - 18, 26 = -4*t - f. Let p(l) be the second derivative of l**3/3 + 7*l**2/2 - 2*l. What is p(t)?
-5
Let r(g) = -g**2 - 6*g + 0*g**2 - g. Let t = -138 + 132. What is r(t)?
6
Suppose -3*y = 5*o - 19, y - 5*o - 5 = -32. Let g(p) = -p**3 + p**2 + 3*p + 2. Calculate g(y).
8
Let f(b) = b**3 - b**2 - 6*b + 2. Let o be f(3). Let w(k) = -3*k**2 - 2*k + 1. Let v(u) = 7*u**2 + 5*u - 2. Let x(a) = 2*v(a) + 5*w(a). What is x(o)?
-3
Let t(j) = -j**3 + j**2 + 2*j - 3. Let p(o) = 2*o**3 - 2*o**2 - 4*o + 7. Let w(z) = 2*p(z) + 5*t(z). Determine w(3).
-13
Let h(q) = q**2 + 9*q + 4. Let d(v) = -v - 1. Let p(u) = -2*d(u) - h(u). Give p(-6).
4
Let l(h) = -2*h**2 - 6*h + 2. Let q(g) = g**3 - 6*g**2 + 7*g + 1. Let s be q(3). Give l(s).
-18
Let t = -5 - -3. Let p = -2 - t. Suppose -4*i = -p*i + 16. Let v(j) = -j**3 - 3*j**2 + 4*j + 2. What is v(i)?
2
Let x(j) = -70*j**2 + 70*j**2 + 3 - 4*j**3 + 3*j**3. Determine x(0).
3
Let r(o) be the first derivative of -o**3/3 + 5*o**2/2 + 5*o - 20. Suppose -22 = -3*c - i, -2*c - 2*i + 6*i = 4. What is r(c)?
-1
Let i be (24/15)/((-3)/(-30)). Suppose -2*p = s - 4 - 2, 4*p = -4*s + i. Let w(d) = 0*d**2 + 1 + 2*d**2 + 2*d + 0*d. Calculate w(s).
13
Let z = -3 - 0. Let k(s) = 2*s + 1 + 0*s - 3*s. Calculate k(z).
4
Let r(p) be the third derivative of 0*p + 1/120*p**6 - 1/30*p**5 + 1/2*p**3 + 0 - 1/12*p**4 - 5*p**2. Let d be 24/10 - (-6)/(-15). Calculate r(d).
-1
Let i(k) = -k**3 - 3*k**2 - 2*k + 1. Let l(z) = 3*z**3 + 7*z**2 + 4*z - 2. Let c(j) = -5*i(j) - 2*l(j). Give c(2).
-1
Let l(y) = -9*y - 3. Let j(s) = 1. Let t(w) = -3*j(w) - l(w). Let f(c) = c - 1. Let v be f(0). What is t(v)?
-9
Let v(a) = a**2 - 4*a - 5. Let r = 3 - 3. Suppose 0 = y - r*y - 5. What is v(y)?
0
Let y = 238 + -238. Let d(w) = -6*w + 46. Let r(l) = -l**3 + 3*l**2 - 3*l. Let m be r(2). Let p(n) = n - 9. Let v(h) = m*d(h) - 11*p(h). Give v(y).
7
Let m(y) be the second derivative of -y**6/720 + y**5/40 + y**4/12 - y. Let i(v) be the third derivative of m(v). Let t = -12 + 16. Calculate i(t).
-1
Let a = -5 + 8. Suppose -a*j - 3 = 2*q - 0*j, q + 3*j = -3. Let m(u) = -u**3 - u**2 + 5. Determine m(q).
5
Let x(b) = b - 2. Let l(o) = -3*o + 9. Let k be 3/(-12) + (-70)/8. Let i(r) = k*x(r) - 2*l(r). Let t = -74 - -72. Determine i(t).
6
Let x(a) = -7*a**3 + 1. Let p be 1/(2/44) + -3. Suppose -17 = -0*k + 3*k - 4*l, 0 = -4*k - 3*l + p. What is x(k)?
-6
Let f(t) = -13 + 6*t - 6 + 18. Give f(3).
17
Let v(j) = -3*j**3 - 2*j**2 - 3*j - 2. Let z(g) = -4*g**3 - 3*g**2 - 5*g - 3. Let k(f) = 8*v(f) - 5*z(f). Give k(1).
-5
Let h(d) = -d + 1. Let q be (10/(-8))/((-1)/28). Let b = 17 - q. Let t be 4*(b/8 - -1). Give h(t).
6
Let c(u) = -u**3 + 11*u**2 + 13*u - 14. Let 